{"id":179,"date":"2025-11-21T13:58:47","date_gmt":"2025-11-21T13:58:47","guid":{"rendered":"https:\/\/driver-ae.com\/?page_id=179"},"modified":"2025-11-27T13:35:09","modified_gmt":"2025-11-27T13:35:09","slug":"code","status":"publish","type":"page","link":"https:\/\/driver-ae.com\/index.php\/code\/","title":{"rendered":"Code"},"content":{"rendered":"\t\t<div data-elementor-type=\"wp-page\" data-elementor-id=\"179\" class=\"elementor elementor-179\" data-elementor-post-type=\"page\">\n\t\t\t\t<div class=\"elementor-element elementor-element-770c11d0 e-flex e-con-boxed e-con e-parent\" data-id=\"770c11d0\" data-element_type=\"container\" data-e-type=\"container\">\n\t\t\t\t\t<div class=\"e-con-inner\">\n\t\t\t\t<div class=\"elementor-element elementor-element-4ff92ca elementor-widget elementor-widget-heading\" data-id=\"4ff92ca\" data-element_type=\"widget\" data-e-type=\"widget\" data-widget_type=\"heading.default\">\n\t\t\t\t\t<h1 class=\"elementor-heading-title elementor-size-default\">Nos Formations Code<\/h1>\t\t\t\t<\/div>\n\t\t\t\t<div class=\"elementor-element elementor-element-7d4d566e elementor-widget elementor-widget-text-editor\" data-id=\"7d4d566e\" data-element_type=\"widget\" data-e-type=\"widget\" data-widget_type=\"text-editor.default\">\n\t\t\t\t\t\t\t\t\t<p>Retrouvez ici nos formation aux \u00e9preuves th\u00e9orique au code de la route. A la maison ou \u00e0 l&rsquo;auto-\u00e9cole vous trouverez forc\u00e9ment une solution adapt\u00e9e \u00e0 vos besoins.<\/p>\t\t\t\t\t\t\t\t<\/div>\n\t\t\t\t\t<\/div>\n\t\t\t\t<\/div>\n\t\t<div class=\"elementor-element elementor-element-23f40f8b e-con-full e-flex e-con e-parent\" data-id=\"23f40f8b\" data-element_type=\"container\" data-e-type=\"container\">\n\t\t<div class=\"elementor-element elementor-element-77540f9c e-con-full e-flex e-con e-child\" data-id=\"77540f9c\" data-element_type=\"container\" data-e-type=\"container\">\n\t\t\t\t<div class=\"elementor-element elementor-element-2a773eb3 elementor-widget elementor-widget-image\" data-id=\"2a773eb3\" data-element_type=\"widget\" data-e-type=\"widget\" data-widget_type=\"image.default\">\n\t\t\t\t\t\t\t\t\t\t\t\t\t\t\t<img fetchpriority=\"high\" decoding=\"async\" width=\"500\" height=\"500\" src=\"https:\/\/driver-ae.com\/wp-content\/uploads\/2025\/11\/E-Code.webp\" class=\"attachment-large size-large wp-image-186\" alt=\"\" srcset=\"https:\/\/driver-ae.com\/wp-content\/uploads\/2025\/11\/E-Code.webp 500w, https:\/\/driver-ae.com\/wp-content\/uploads\/2025\/11\/E-Code-300x300.webp 300w, https:\/\/driver-ae.com\/wp-content\/uploads\/2025\/11\/E-Code-150x150.webp 150w\" sizes=\"(max-width: 500px) 100vw, 500px\" \/>\t\t\t\t\t\t\t\t\t\t\t\t\t\t\t<\/div>\n\t\t\t\t<\/div>\n\t\t<div class=\"elementor-element elementor-element-57d7b342 e-con-full e-flex e-con e-child\" data-id=\"57d7b342\" data-element_type=\"container\" data-e-type=\"container\">\n\t\t\t\t<div class=\"elementor-element elementor-element-78a069e5 elementor-widget elementor-widget-heading\" data-id=\"78a069e5\" data-element_type=\"widget\" data-e-type=\"widget\" data-widget_type=\"heading.default\">\n\t\t\t\t\t<h3 class=\"elementor-heading-title elementor-size-default\">Formation E-Code<\/h3>\t\t\t\t<\/div>\n\t\t\t\t<div class=\"elementor-element elementor-element-d29ae0 elementor-widget elementor-widget-text-editor\" data-id=\"d29ae0\" data-element_type=\"widget\" data-e-type=\"widget\" data-widget_type=\"text-editor.default\">\n\t\t\t\t\t\t\t\t\t<p data-start=\"81\" data-end=\"292\">\ud83d\ude80 <strong data-start=\"84\" data-end=\"135\">Pr\u00e9pare ton code sans stress\u2026 et \u00e0 ton rythme !<\/strong><br data-start=\"135\" data-end=\"138\" \/>Avec notre formule 100% mobile, tu r\u00e9vises o\u00f9 tu veux, quand tu veux. Plus besoin de t\u2019adapter \u00e0 des horaires : <strong data-start=\"250\" data-end=\"292\">c\u2019est l\u2019auto-\u00e9cole qui s\u2019adapte \u00e0 toi.<\/strong><\/p><p data-start=\"294\" data-end=\"562\">\ud83d\udcda <strong data-start=\"297\" data-end=\"363\">Tests + Cours + Explications personnalis\u00e9es : tout est inclus.<\/strong><br data-start=\"363\" data-end=\"366\" \/>Acc\u00e8de \u00e0 des s\u00e9ries corrig\u00e9es automatiquement, analyse tes erreurs en un clin d\u2019\u0153il et progresse plus vite que jamais. Chaque module est pens\u00e9 pour te faire gagner du temps et booster ta r\u00e9ussite.<\/p><p data-start=\"564\" data-end=\"787\">\ud83e\udd1d <strong data-start=\"567\" data-end=\"629\">Besoin d\u2019aide ? On est l\u00e0, directement dans l\u2019application.<\/strong><br data-start=\"629\" data-end=\"632\" \/>Pose tes questions, demande des pr\u00e9cisions ou m\u00eame un avis sur ta pr\u00e9paration : on t\u2019accompagne jusqu\u2019au moment o\u00f9 tu es r\u00e9ellement pr\u00eat \u00e0 passer l\u2019examen.<\/p><p data-start=\"789\" data-end=\"931\">\ud83d\udcf1 <strong data-start=\"792\" data-end=\"843\">En r\u00e9sum\u00e9 : ton auto-\u00e9cole tient dans ta poche.<\/strong><br data-start=\"843\" data-end=\"846\" \/>Simple. Flexible. Efficace. Et surtout pens\u00e9e pour maximiser tes chances de r\u00e9ussite.<\/p><p>Pour L&rsquo;ETG et L&rsquo;ETM (Moto)<\/p>\t\t\t\t\t\t\t\t<\/div>\n\t\t\t\t<div class=\"elementor-element elementor-element-12a312b1 elementor-mobile-align-center elementor-tablet-align-center elementor-button-info elementor-align-center elementor-widget elementor-widget-button\" data-id=\"12a312b1\" data-element_type=\"widget\" data-e-type=\"widget\" data-widget_type=\"button.default\">\n\t\t\t\t\t\t\t\t\t\t<a class=\"elementor-button elementor-button-link elementor-size-sm\" href=\"#elementor-action%3Aaction%3Dpopup%3Aopen%26settings%3DeyJpZCI6IjI2MiIsInRvZ2dsZSI6ZmFsc2V9\" rel=\"nofollow\" code=\"\">\n\t\t\t\t\t\t<span class=\"elementor-button-content-wrapper\">\n\t\t\t\t\t\t\t\t\t<span class=\"elementor-button-text\">En savoir plus<\/span>\n\t\t\t\t\t<\/span>\n\t\t\t\t\t<\/a>\n\t\t\t\t\t\t\t\t<\/div>\n\t\t\t\t<\/div>\n\t\t\t\t<\/div>\n\t\t<div class=\"elementor-element elementor-element-5410968 e-con-full e-flex e-con e-parent\" data-id=\"5410968\" data-element_type=\"container\" data-e-type=\"container\">\n\t\t<div class=\"elementor-element elementor-element-06e62ff e-con-full e-flex e-con e-child\" data-id=\"06e62ff\" data-element_type=\"container\" data-e-type=\"container\">\n\t\t\t\t<div class=\"elementor-element elementor-element-67f65ad elementor-widget elementor-widget-heading\" data-id=\"67f65ad\" data-element_type=\"widget\" data-e-type=\"widget\" data-widget_type=\"heading.default\">\n\t\t\t\t\t<h3 class=\"elementor-heading-title elementor-size-default\">Stage Code 3 Jours<\/h3>\t\t\t\t<\/div>\n\t\t\t\t<div class=\"elementor-element elementor-element-47ebe05 elementor-widget elementor-widget-text-editor\" data-id=\"47ebe05\" data-element_type=\"widget\" data-e-type=\"widget\" data-widget_type=\"text-editor.default\">\n\t\t\t\t\t\t\t\t\t<p data-start=\"79\" data-end=\"340\">\ud83c\udfaf <strong data-start=\"82\" data-end=\"145\">La pr\u00e9paration intensive qui te propulse vers la r\u00e9ussite !<\/strong><br data-start=\"145\" data-end=\"148\" \/>Avec cette formule, tu combines <strong data-start=\"180\" data-end=\"200\">le code en ligne<\/strong> et <strong data-start=\"204\" data-end=\"242\">3 jours de formation en pr\u00e9sentiel<\/strong> avec un enseignant d\u00e9di\u00e9. Le meilleur des deux mondes pour progresser rapidement et efficacement.<\/p><p data-start=\"342\" data-end=\"601\">\ud83d\udc68\u200d\ud83c\udfeb <strong data-start=\"348\" data-end=\"379\">Un coach rien que pour toi.<\/strong><br data-start=\"379\" data-end=\"382\" \/>Ton enseignant adapte enti\u00e8rement son programme \u00e0 tes besoins : r\u00e9visions cibl\u00e9es, explications claires, exercices personnalis\u00e9s\u2026 Tout est con\u00e7u pour te faire gagner en confiance et ma\u00eetriser le code en un temps record.<\/p><p data-start=\"603\" data-end=\"801\">\u26a1 <strong data-start=\"605\" data-end=\"627\">3 jours suffisent.<\/strong><br data-start=\"627\" data-end=\"630\" \/>Une immersion totale, un accompagnement sur mesure et une pr\u00e9paration compl\u00e8te : au bout de ces trois journ\u00e9es intensives, tu es pr\u00eat(e) pour l\u2019examen du code de la route.<\/p><p data-start=\"803\" data-end=\"1055\">\ud83d\udcda <strong data-start=\"806\" data-end=\"854\">En ligne + pr\u00e9sentiel = efficacit\u00e9 maximale.<\/strong><br data-start=\"854\" data-end=\"857\" \/>Tu r\u00e9vises o\u00f9 tu veux gr\u00e2ce au code en ligne, puis tu optimises ta progression pendant la formation en pr\u00e9sentiel. R\u00e9sultat : tu avances plus vite, tu comprends mieux et tu r\u00e9ussis plus sereinement.<\/p>\t\t\t\t\t\t\t\t<\/div>\n\t\t\t\t<div class=\"elementor-element elementor-element-d8be1dd elementor-mobile-align-center elementor-tablet-align-center elementor-align-center elementor-widget elementor-widget-button\" data-id=\"d8be1dd\" data-element_type=\"widget\" data-e-type=\"widget\" data-widget_type=\"button.default\">\n\t\t\t\t\t\t\t\t\t\t<a class=\"elementor-button elementor-button-link elementor-size-sm\" href=\"#elementor-action%3Aaction%3Dpopup%3Aopen%26settings%3DeyJpZCI6IjIyNiIsInRvZ2dsZSI6ZmFsc2V9\">\n\t\t\t\t\t\t<span class=\"elementor-button-content-wrapper\">\n\t\t\t\t\t\t\t\t\t<span class=\"elementor-button-text\">En Savoir Plus<\/span>\n\t\t\t\t\t<\/span>\n\t\t\t\t\t<\/a>\n\t\t\t\t\t\t\t\t<\/div>\n\t\t\t\t<\/div>\n\t\t\t\t<div class=\"elementor-element elementor-element-79bd0b1 elementor-widget__width-initial elementor-widget elementor-widget-image\" data-id=\"79bd0b1\" data-element_type=\"widget\" data-e-type=\"widget\" data-widget_type=\"image.default\">\n\t\t\t\t\t\t\t\t\t\t\t\t\t\t\t<img decoding=\"async\" width=\"500\" height=\"500\" src=\"https:\/\/driver-ae.com\/wp-content\/uploads\/2025\/11\/StageCode.webp\" class=\"attachment-large size-large wp-image-212\" alt=\"Stage Code\" srcset=\"https:\/\/driver-ae.com\/wp-content\/uploads\/2025\/11\/StageCode.webp 500w, https:\/\/driver-ae.com\/wp-content\/uploads\/2025\/11\/StageCode-300x300.webp 300w, https:\/\/driver-ae.com\/wp-content\/uploads\/2025\/11\/StageCode-150x150.webp 150w\" sizes=\"(max-width: 500px) 100vw, 500px\" \/>\t\t\t\t\t\t\t\t\t\t\t\t\t\t\t<\/div>\n\t\t\t\t<\/div>\n\t\t\t\t<\/div>\n\t\t","protected":false},"excerpt":{"rendered":"<p>Nos Formations Code Retrouvez ici nos formation aux \u00e9preuves th\u00e9orique au code de la route. A la maison ou \u00e0 l&rsquo;auto-\u00e9cole vous trouverez forc\u00e9ment une solution adapt\u00e9e \u00e0 vos besoins. Formation E-Code \ud83d\ude80 Pr\u00e9pare ton code sans stress\u2026 et \u00e0 ton rythme !Avec notre formule 100% mobile, tu r\u00e9vises o\u00f9 tu veux, quand tu veux. [&hellip;]<\/p>\n","protected":false},"author":1,"featured_media":0,"parent":0,"menu_order":0,"comment_status":"closed","ping_status":"closed","template":"","meta":{"footnotes":""},"class_list":["post-179","page","type-page","status-publish","hentry"],"_links":{"self":[{"href":"https:\/\/driver-ae.com\/index.php\/wp-json\/wp\/v2\/pages\/179","targetHints":{"allow":["GET"]}}],"collection":[{"href":"https:\/\/driver-ae.com\/index.php\/wp-json\/wp\/v2\/pages"}],"about":[{"href":"https:\/\/driver-ae.com\/index.php\/wp-json\/wp\/v2\/types\/page"}],"author":[{"embeddable":true,"href":"https:\/\/driver-ae.com\/index.php\/wp-json\/wp\/v2\/users\/1"}],"replies":[{"embeddable":true,"href":"https:\/\/driver-ae.com\/index.php\/wp-json\/wp\/v2\/comments?post=179"}],"version-history":[{"count":19,"href":"https:\/\/driver-ae.com\/index.php\/wp-json\/wp\/v2\/pages\/179\/revisions"}],"predecessor-version":[{"id":273,"href":"https:\/\/driver-ae.com\/index.php\/wp-json\/wp\/v2\/pages\/179\/revisions\/273"}],"wp:attachment":[{"href":"https:\/\/driver-ae.com\/index.php\/wp-json\/wp\/v2\/media?parent=179"}],"curies":[{"name":"wp","href":"https:\/\/api.w.org\/{rel}","templated":true}]}}